{"id":597,"date":"2019-06-11T10:09:10","date_gmt":"2019-06-11T07:09:10","guid":{"rendered":"http:\/\/teky.com.tr\/?page_id=597"},"modified":"2019-06-12T15:04:15","modified_gmt":"2019-06-12T12:04:15","slug":"fire-fighting-equipments","status":"publish","type":"page","link":"http:\/\/teky.com.tr\/index.php\/fire-fighting-equipments\/","title":{"rendered":"FIRE FIGHTING EQUIPMENTS"},"content":{"rendered":"<figure id=\"attachment_611\" aria-describedby=\"caption-attachment-611\" style=\"width: 224px\" class=\"wp-caption alignnone\"><img class=\" wp-image-611\" src=\"http:\/\/teky.com.tr\/wp-content\/uploads\/yang\u0131n-s\u00f6nd\u00fcrme-arac\u0131-243x300.jpg\" alt=\"\" width=\"224\" height=\"277\" srcset=\"http:\/\/teky.com.tr\/wp-content\/uploads\/yang\u0131n-s\u00f6nd\u00fcrme-arac\u0131-243x300.jpg 243w, http:\/\/teky.com.tr\/wp-content\/uploads\/yang\u0131n-s\u00f6nd\u00fcrme-arac\u0131-768x948.jpg 768w, http:\/\/teky.com.tr\/wp-content\/uploads\/yang\u0131n-s\u00f6nd\u00fcrme-arac\u0131.jpg 810w\" sizes=\"(max-width: 224px) 100vw, 224px\" \/><figcaption id=\"caption-attachment-611\" class=\"wp-caption-text\">K\u00f6p\u00fckl\u00fc Yang\u0131n Arac\u0131<\/figcaption><\/figure>\n<p><img class=\"alignnone wp-image-628 size-full\" src=\"http:\/\/teky.com.tr\/wp-content\/uploads\/k\u0131ratl\u0131-yang\u0131n-t\u00fcpleri-1.png\" alt=\"\" width=\"292\" height=\"240\" \/><\/p>\n","protected":false},"excerpt":{"rendered":"","protected":false},"author":1,"featured_media":0,"parent":0,"menu_order":0,"comment_status":"closed","ping_status":"closed","template":"","meta":[],"wps_subtitle":"","_links":{"self":[{"href":"http:\/\/teky.com.tr\/index.php\/wp-json\/wp\/v2\/pages\/597"}],"collection":[{"href":"http:\/\/teky.com.tr\/index.php\/wp-json\/wp\/v2\/pages"}],"about":[{"href":"http:\/\/teky.com.tr\/index.php\/wp-json\/wp\/v2\/types\/page"}],"author":[{"embeddable":true,"href":"http:\/\/teky.com.tr\/index.php\/wp-json\/wp\/v2\/users\/1"}],"replies":[{"embeddable":true,"href":"http:\/\/teky.com.tr\/index.php\/wp-json\/wp\/v2\/comments?post=597"}],"version-history":[{"count":7,"href":"http:\/\/teky.com.tr\/index.php\/wp-json\/wp\/v2\/pages\/597\/revisions"}],"predecessor-version":[{"id":629,"href":"http:\/\/teky.com.tr\/index.php\/wp-json\/wp\/v2\/pages\/597\/revisions\/629"}],"wp:attachment":[{"href":"http:\/\/teky.com.tr\/index.php\/wp-json\/wp\/v2\/media?parent=597"}],"curies":[{"name":"wp","href":"https:\/\/api.w.org\/{rel}","templated":true}]}}